
145
Calculate the greatest common factor of 867698 and 13059.
1451
What is the greatest common factor of 1232 and 48752?
176
Calculate the highest common divisor of 9193 and 1073.
29
What is the greatest common factor of 225 and 1625?
25
Calculate the highest common factor of 1398 and 2139639.
699
Calculate the highest common factor of 13442 and 78.
26
Calculate the greatest common factor of 5929 and 343.
49
What is the highest common divisor of 92 and 3031400?
92
What is the highest common divisor of 179382 and 294?
42
What is the highest common factor of 108973 and 118?
59
Calculate the highest common factor of 74582 and 712.
178
Calculate the greatest common divisor of 9605 and 180.
5
What is the greatest common divisor of 330430 and 20?
10
Calculate the greatest common factor of 1306 and 4800203.
653
Calculate the highest common divisor of 79296 and 3658.
118
Calculate the greatest common factor of 778221 and 666.
333
What is the highest common factor of 22152 and 884?
52
What is the greatest common divisor of 889 and 161?
7
Calculate the greatest common divisor of 2176 and 60758.
34
Calculate the highest common divisor of 7 and 16163.
7
Calculate the highest common divisor of 101850 and 35.
35
Calculate the greatest common divisor of 108616 and 8.
8
What is the greatest common factor of 96259 and 1?
1
Calculate the highest common factor of 3539706 and 51.
51
Calculate the greatest common divisor of 131934 and 198.
66
What is the highest common divisor of 28560 and 4335?
255
What is the greatest common divisor of 2816 and 2574?
22
What is the greatest common divisor of 1010 and 21330?
10
Calculate the highest common factor of 2520 and 438.
6
What is the highest common factor of 1863 and 891?
81
What is the highest common divisor of 28769 and 52?
13
Calculate the highest common divisor of 399627 and 861.
123
Calculate the greatest common factor of 544946 and 679.
97
Calculate the highest common divisor of 148708 and 155036.
3164
Calculate the greatest common divisor of 407555 and 740.
185
What is the highest common factor of 18 and 13032?
18
What is the greatest common divisor of 44 and 16425244?
44
What is the highest common divisor of 282373 and 2457?
91
Calculate the highest common factor of 3 and 3329.
1
What is the greatest common divisor of 7036 and 28?
4
What is the highest common factor of 32 and 89416?
8
What is the highest common divisor of 957 and 116?
29
Calculate the highest common factor of 62928 and 444.
12
What is the highest common divisor of 3912 and 328?
8
What is the highest common divisor of 4253 and 23?
1
What is the highest common factor of 3591330 and 1062?
354
What is the greatest common divisor of 800 and 2592?
32
What is the highest common factor of 6464 and 6868?
404
What is the greatest common divisor of 779 and 35465?
41
What is the highest common divisor of 806 and 15748?
62
What is the highest common divisor of 1168 and 87454?
146
Calculate the greatest common divisor of 158010 and 92.
46
What is the highest common factor of 30894 and 266?
38
Calculate the greatest common factor of 6963 and 176.
11
Calculate the highest common factor of 27738 and 92.
46
What is the greatest common factor of 2982 and 12?
6
Calculate the greatest common divisor of 3589836 and 293.
293
Calculate the highest common divisor of 83950 and 690.
230
What is the highest common factor of 26 and 422?
2
Calculate the greatest common divisor of 112 and 18074.
14
Calculate the greatest common factor of 43967 and 154.
77
What is the greatest common divisor of 220856 and 152?
152
Calculate the highest common factor of 105 and 510615.
105
Calculate the greatest common divisor of 3 and 24513.
3
Calculate the highest common factor of 804 and 60036.
12
What is the greatest common divisor of 2784549 and 142?
71
Calculate the highest common factor of 1242 and 209070.
414
Calculate the highest common factor of 358342 and 834.
278
What is the greatest common divisor of 18 and 2418354?
18
Calculate the greatest common divisor of 210 and 1680.
210
What is the greatest common divisor of 25264 and 14?
2
Calculate the greatest common divisor of 566 and 1931758.
566
What is the highest common divisor of 5505 and 1185?
15
Calculate the greatest common divisor of 23528 and 1224.
136
Calculate the greatest common divisor of 7650168 and 552.
552
Calculate the greatest common factor of 155036 and 196.
196
Calculate the greatest common factor of 675 and 3321.
27
Calculate the greatest common factor of 5632 and 208912.
176
Calculate the greatest common divisor of 117238 and 292.
146
What is the highest common divisor of 3542 and 2222?
22
What is the highest common divisor of 25 and 300425?
25
What is the highest common factor of 1981535 and 111?
37
Calculate the highest common factor of 19 and 262162.
19
Calculate the highest common divisor of 61617 and 29279.
437
What is the highest common factor of 41308 and 184?
92
Calculate the greatest common factor of 42 and 654696.
42
What is the greatest common factor of 10 and 458?
2
Calculate the highest common factor of 56784 and 19604.
676
What is the highest common divisor of 116 and 11066516?
116
Calculate the greatest common divisor of 296209 and 5143.
139
What is the highest common factor of 426 and 154851?
213
What is the greatest common factor of 20596 and 12?
4
Calculate the highest common divisor of 478785 and 14160.
885
Calculate the highest common divisor of 3100 and 1300.
100
Calculate the greatest common divisor of 726334 and 29.
29
What is the highest common divisor of 63 and 4066839?
63
What is the highest common factor of 1080513 and 756?
189
What is the greatest common factor of 81918 and 18?
18
Calculate the greatest common divisor of 2900 and 49155.
145
Calculate the greatest common divisor of 63 and 184149.
63
Calculate the highest common divisor of 112 and 515368.
56
Calculate the greatest common divisor of 119 and 457079.
119
What is the highest common factor of 3094 and 178262?
238
Calculate the highest common factor of 12207 and 5616.
39
What is the greatest common divisor of 18715855 and 95?
95
What is the greatest common divisor of 10720 and 1120?
160
Calculate the highest common divisor of 202702 and 86.
86
Calculate the greatest common divisor of 77 and 119273.
77
What is the highest common divisor of 5377 and 3192?
19
What is the greatest common divisor of 108 and 113040?
36
What is the highest common divisor of 329 and 1337?
7
What is the greatest common factor of 51792 and 64?
16
What is the greatest common divisor of 508 and 1363472?
508
What is the highest common factor of 620399 and 7943?
169
Calculate the greatest common divisor of 19593 and 6153.
21
Calculate the greatest common divisor of 74483 and 1412.
353
What is the greatest common factor of 101 and 13016981?
101
Calculate the highest common factor of 4873 and 407.
11
What is the greatest common factor of 4318 and 986?
34
Calculate the greatest common divisor of 1480 and 856550.
370
Calculate the greatest common divisor of 27 and 3742659.
27
What is the highest common divisor of 1833 and 6063?
141
Calculate the greatest common factor of 6894 and 123.
3
What is the highest common factor of 117 and 713037?
39
What is the greatest common divisor of 168384 and 1212?
12
What is the greatest common factor of 32368 and 195364?
1156
What is the highest common factor of 441 and 369?
9
What is the greatest common factor of 53 and 108067?
53
What is the highest common factor of 12 and 1647654?
6
Calculate the greatest common factor of 188 and 230206.
94
What is the greatest common factor of 663 and 13039?
221
Calculate the greatest common factor of 6 and 1822962.
6
What is the greatest common divisor of 2961 and 1141?
7
What is the highest common factor of 12096 and 4302?
18
Calculate the greatest common factor of 1240790 and 21494.
1954
What is the highest common factor of 1503 and 9?
9
What is the greatest common divisor of 5070 and 1222?
26
Calculate the greatest common divisor of 8086 and 208.
26
Calculate the greatest common divisor of 206 and 74675.
103
Calculate the highest common divisor of 237 and 59.
1
What is the greatest common divisor of 4685 and 25?
5
What is the greatest common divisor of 16382 and 4?
2
What is the hig